{"id":5747,"date":"2024-04-24T21:34:20","date_gmt":"2024-04-24T19:34:20","guid":{"rendered":"https:\/\/walderlebnispfade.de\/erlebnisse\/bosque-de-escalada-chemnitz-rabenstein\/"},"modified":"2026-04-22T11:53:21","modified_gmt":"2026-04-22T09:53:21","slug":"bosque-de-escalada-chemnitz-rabenstein","status":"publish","type":"erlebnisse","link":"https:\/\/walderlebnispfade.de\/es\/erlebnisse\/bosque-de-escalada-chemnitz-rabenstein\/","title":{"rendered":"Bosque de escalada Chemnitz-Rabenstein"},"content":{"rendered":"<style>.wp-block-kadence-advancedheading.kt-adv-heading4026_5bd0c8-d2, .wp-block-kadence-advancedheading.kt-adv-heading4026_5bd0c8-d2[data-kb-block=\"kb-adv-heading4026_5bd0c8-d2\"]{font-style:normal;}.wp-block-kadence-advancedheading.kt-adv-heading4026_5bd0c8-d2 mark.kt-highlight, .wp-block-kadence-advancedheading.kt-adv-heading4026_5bd0c8-d2[data-kb-block=\"kb-adv-heading4026_5bd0c8-d2\"] mark.kt-highlight{font-style:normal;color:#f76a0c;-webkit-box-decoration-break:clone;box-decoration-break:clone;padding-top:0px;padding-right:0px;padding-bottom:0px;padding-left:0px;}.wp-block-kadence-advancedheading.kt-adv-heading4026_5bd0c8-d2 img.kb-inline-image, .wp-block-kadence-advancedheading.kt-adv-heading4026_5bd0c8-d2[data-kb-block=\"kb-adv-heading4026_5bd0c8-d2\"] img.kb-inline-image{width:150px;vertical-align:baseline;}<\/style>\n<h2 class=\"kt-adv-heading4026_5bd0c8-d2 wp-block-kadence-advancedheading\" data-kb-block=\"kb-adv-heading4026_5bd0c8-d2\"><strong>Experiencia de escalada \u00fanica en Chemnitz<\/strong><\/h2>\n\n<p>El bosque de escalada de Chemnitz-Rabenstein ofrece a todos los escaladores aventureros un desaf\u00edo individual en un total de 12 recorridos diferentes. El recorrido total tiene m\u00e1s de 1.500 m y est\u00e1 equipado con 121 elementos de escalada que alcanzan alturas de hasta 20 m. Ya sea practicando snowboard bajo las copas de los \u00e1rboles, sinti\u00e9ndote como Tarz\u00e1n en una liana, trepando por una tela de ara\u00f1a o volando por el bosque en telef\u00e9ricos, todo es posible en el bosque de escalada de Rabenstein. \u00bfSigues buscando una idea para un regalo de cumplea\u00f1os? \u00bfQu\u00e9 tal un <a href=\"https:\/\/www.kletterwald-chemnitz.de\/gutscheine\/gutscheine-bestellen.html\" data-type=\"link\" data-id=\"https:\/\/www.kletterwald-chemnitz.de\/gutscheine\/gutscheine-bestellen.html\" target=\"_blank\" rel=\"noreferrer noopener\">vale <\/a>para el bosque de escalada?<\/p>\n<style>.kb-table-of-content-nav.kb-table-of-content-id4026_a1edcc-a9 .kb-table-of-content-wrap{padding-top:var(--global-kb-spacing-sm, 1.5rem);padding-right:var(--global-kb-spacing-sm, 1.5rem);padding-bottom:var(--global-kb-spacing-sm, 1.5rem);padding-left:var(--global-kb-spacing-sm, 1.5rem);background-color:var(--global-palette8, #F7FAFC);box-shadow:inset 0px 0px 14px 0px rgba(0, 0, 0, 0.2);}.kb-table-of-content-nav.kb-table-of-content-id4026_a1edcc-a9 .kb-table-of-contents-title-wrap{padding-top:0px;padding-right:0px;padding-bottom:0px;padding-left:0px;}.kb-table-of-content-nav.kb-table-of-content-id4026_a1edcc-a9 .kb-table-of-contents-title{font-weight:regular;font-style:normal;}.kb-table-of-content-nav.kb-table-of-content-id4026_a1edcc-a9 .kb-table-of-content-wrap .kb-table-of-content-list{font-weight:regular;font-style:normal;margin-top:var(--global-kb-spacing-sm, 1.5rem);margin-right:0px;margin-bottom:0px;margin-left:0px;}.kb-table-of-content-nav.kb-table-of-content-id4026_a1edcc-a9 .kb-toggle-icon-style-basiccircle .kb-table-of-contents-icon-trigger:after, .kb-table-of-content-nav.kb-table-of-content-id4026_a1edcc-a9 .kb-toggle-icon-style-basiccircle .kb-table-of-contents-icon-trigger:before, .kb-table-of-content-nav.kb-table-of-content-id4026_a1edcc-a9 .kb-toggle-icon-style-arrowcircle .kb-table-of-contents-icon-trigger:after, .kb-table-of-content-nav.kb-table-of-content-id4026_a1edcc-a9 .kb-toggle-icon-style-arrowcircle .kb-table-of-contents-icon-trigger:before, .kb-table-of-content-nav.kb-table-of-content-id4026_a1edcc-a9 .kb-toggle-icon-style-xclosecircle .kb-table-of-contents-icon-trigger:after, .kb-table-of-content-nav.kb-table-of-content-id4026_a1edcc-a9 .kb-toggle-icon-style-xclosecircle .kb-table-of-contents-icon-trigger:before{background-color:var(--global-palette8, #F7FAFC);}<\/style>\n<p>Antes de la diversi\u00f3n individual en los distintos recorridos, el equipo del bosque de escalada le instruir\u00e1 en t\u00e9cnicas de seguridad. Cualquier persona que se sienta f\u00edsica y mentalmente en forma y mida al menos 120 cm puede escalar. El peso m\u00e1ximo no debe superar los 120 kg.  Recomendamos calzado resistente y ropa c\u00f3moda y resistente. Por favor, recoge el pelo largo.<\/p>\n\n<p>El bosque de escalada Chemnitz-Rabenstein est\u00e1 abierto de marzo a noviembre de 2025 en diferentes horarios seg\u00fan las condiciones meteorol\u00f3gicas. Consulta los horarios de apertura actuales en el sitio web indicado.  Puedes utilizar el aparcamiento situado frente al embalse de Rabenstein (cargo de 3 \u20ac).  <strong>Los perros pueden entrar en el recinto con correa.  <\/strong><\/p>\n\n<p>Si necesitas m\u00e1s opciones: tambi\u00e9n hay un art\u00edculo en el blog con informaci\u00f3n sobre los <a href=\"https:\/\/walderlebnispfade.de\/es\/bosques-de-escalada-en-alemania-resumen-de-los-144-lugares-en-2025\/\" data-type=\"link\" data-id=\"https:\/\/walderlebnispfade.de\/kletterwaelder-in-deutschland\/\">144 bosques de escalada de Alemania<\/a>.<\/p>\n\n<h3 class=\"wp-block-heading\">Datos sobre el bosque de escalada de Chemnitz-Rabernstein<\/h3>\n\n<figure class=\"wp-block-table\"><table class=\"has-fixed-layout\"><tbody><tr><td>N\u00famero de cursos:<\/td><td>12<\/td><\/tr><tr><td>Elementos:<\/td><td>121<\/td><\/tr><tr><td>Longitud total del telef\u00e9rico:<\/td><td>290 metros<\/td><\/tr><tr><td>Ruta de escalada completa:<\/td><td>1503 metros<\/td><\/tr><tr><td>Punto m\u00e1s alto de las v\u00edas de escalada:<\/td><td>20 metros<\/td><\/tr><tr><td>Edad m\u00ednima:<\/td><td>6 a\u00f1os<\/td><\/tr><tr><td>Tama\u00f1o m\u00ednimo:<\/td><td>1,20 metros<\/td><\/tr><\/tbody><\/table><\/figure>\n\n<hr class=\"wp-block-separator has-alpha-channel-opacity\" style=\"margin-top:var(--wp--preset--spacing--50);margin-bottom:var(--wp--preset--spacing--50)\"\/>\n<style>.kadence-column4026_568943-54 > .kt-inside-inner-col{display:flex;}.kadence-column4026_568943-54 > .kt-inside-inner-col{padding-top:var(--global-kb-spacing-xs, 1rem);padding-right:var(--global-kb-spacing-xs, 1rem);padding-bottom:var(--global-kb-spacing-xs, 1rem);padding-left:var(--global-kb-spacing-xs, 1rem);}.kadence-column4026_568943-54 > .kt-inside-inner-col{box-shadow:0px 0px 14px 0px rgba(0, 0, 0, 0.2);}.kadence-column4026_568943-54 > .kt-inside-inner-col,.kadence-column4026_568943-54 > .kt-inside-inner-col:before{border-top-left-radius:0px;border-top-right-radius:0px;border-bottom-right-radius:0px;border-bottom-left-radius:0px;}.kadence-column4026_568943-54 > .kt-inside-inner-col{column-gap:var(--global-kb-gap-sm, 1rem);}.kadence-column4026_568943-54 > .kt-inside-inner-col{flex-direction:column;align-items:center;}.kadence-column4026_568943-54 > .kt-inside-inner-col > .kb-image-is-ratio-size{align-self:stretch;}.kadence-column4026_568943-54 > .kt-inside-inner-col > .wp-block-kadence-advancedgallery{align-self:stretch;}.kadence-column4026_568943-54 > .kt-inside-inner-col > .aligncenter{width:100%;}.kadence-column4026_568943-54 > .kt-inside-inner-col{background-color:var(--global-palette8, #F7FAFC);}.kadence-column4026_568943-54 > .kt-inside-inner-col:before{opacity:0.3;}.kadence-column4026_568943-54{position:relative;}@media all and (max-width: 1024px){.kadence-column4026_568943-54 > .kt-inside-inner-col{flex-direction:column;justify-content:center;align-items:center;}}@media all and (max-width: 767px){.kadence-column4026_568943-54 > .kt-inside-inner-col{flex-direction:column;justify-content:center;align-items:center;}}<\/style>\n<div class=\"wp-block-kadence-column kadence-column4026_568943-54\"><div class=\"kt-inside-inner-col\">\n<p class=\"has-text-align-center\">\u00bfQu\u00e9 te parece el bosque de escalada de Chemnitz-Rabenstein? D\u00e9janos un comentario.   <br\/>Nos ayudas a nosotros y a otros amantes de la naturaleza. Muchas gracias \ud83d\ude42 \u00a1!<\/p>\n\n\n\n<div class=\"wp-block-yet-another-stars-rating-visitor-votes aligncenter yasr-vv-block\"><\/div>\n\n\n\n<p>Puedes encontrar m\u00e1s aventuras en nuestra <a href=\"https:\/\/walderlebnispfade.de\/es\/experiencias-forestales\/\" data-type=\"page\" data-id=\"228\">b\u00fasqueda de experiencias en el bosque<\/a> y en la <a href=\"https:\/\/walderlebnispfade.de\/es\/bosques-de-escalada-en-alemania-resumen-de-los-144-lugares-en-2025\/\" data-type=\"link\" data-id=\"https:\/\/walderlebnispfade.de\/kletterwaelder-in-deutschland\/\">vista general del bosque de escalada<\/a>.<\/p>\n<\/div><\/div>\n\n<hr class=\"wp-block-separator has-alpha-channel-opacity\" style=\"margin-top:var(--wp--preset--spacing--50);margin-bottom:var(--wp--preset--spacing--50)\"\/>\n<style>.wp-block-kadence-advancedheading.kt-adv-heading4026_077adb-80, .wp-block-kadence-advancedheading.kt-adv-heading4026_077adb-80[data-kb-block=\"kb-adv-heading4026_077adb-80\"]{font-size:var(--global-kb-font-size-md, 1.25rem);font-style:normal;}.wp-block-kadence-advancedheading.kt-adv-heading4026_077adb-80 mark.kt-highlight, .wp-block-kadence-advancedheading.kt-adv-heading4026_077adb-80[data-kb-block=\"kb-adv-heading4026_077adb-80\"] mark.kt-highlight{font-style:normal;color:#f76a0c;-webkit-box-decoration-break:clone;box-decoration-break:clone;padding-top:0px;padding-right:0px;padding-bottom:0px;padding-left:0px;}.wp-block-kadence-advancedheading.kt-adv-heading4026_077adb-80 img.kb-inline-image, .wp-block-kadence-advancedheading.kt-adv-heading4026_077adb-80[data-kb-block=\"kb-adv-heading4026_077adb-80\"] img.kb-inline-image{width:150px;vertical-align:baseline;}<\/style>\n<h2 class=\"kt-adv-heading4026_077adb-80 wp-block-kadence-advancedheading\" data-kb-block=\"kb-adv-heading4026_077adb-80\">Video escalada bosque Chemnitz-Rabenstein<\/h2>\n\n<figure class=\"wp-block-embed is-type-video is-provider-youtube wp-block-embed-youtube wp-embed-aspect-16-9 wp-has-aspect-ratio\"><div class=\"wp-block-embed__wrapper\">\n<iframe loading=\"lazy\" hcb-fetch-image-from=\"https:\/\/youtu.be\/s1VT4A86TG8?si=n877-EzHOQuxeEKK\" title=\"Ein Tag im Kletterwald Rabenstein\" width=\"720\" height=\"405\" src=\"https:\/\/www.youtube.com\/embed\/s1VT4A86TG8?feature=oembed\" frameborder=\"0\" allow=\"accelerometer; autoplay; clipboard-write; encrypted-media; gyroscope; picture-in-picture; web-share\" referrerpolicy=\"strict-origin-when-cross-origin\" allowfullscreen><\/iframe>\n<\/div><\/figure>\n\n<p><\/p>\n<style>.wp-block-kadence-advancedheading.kt-adv-heading4026_a18d1b-6a, .wp-block-kadence-advancedheading.kt-adv-heading4026_a18d1b-6a[data-kb-block=\"kb-adv-heading4026_a18d1b-6a\"]{font-style:normal;}.wp-block-kadence-advancedheading.kt-adv-heading4026_a18d1b-6a mark.kt-highlight, .wp-block-kadence-advancedheading.kt-adv-heading4026_a18d1b-6a[data-kb-block=\"kb-adv-heading4026_a18d1b-6a\"] mark.kt-highlight{font-style:normal;color:#f76a0c;-webkit-box-decoration-break:clone;box-decoration-break:clone;padding-top:0px;padding-right:0px;padding-bottom:0px;padding-left:0px;}.wp-block-kadence-advancedheading.kt-adv-heading4026_a18d1b-6a img.kb-inline-image, .wp-block-kadence-advancedheading.kt-adv-heading4026_a18d1b-6a[data-kb-block=\"kb-adv-heading4026_a18d1b-6a\"] img.kb-inline-image{width:150px;vertical-align:baseline;}<\/style>\n<h2 class=\"kt-adv-heading4026_a18d1b-6a wp-block-kadence-advancedheading\" data-kb-block=\"kb-adv-heading4026_a18d1b-6a\">M\u00e1s informaci\u00f3n sobre el parque de escalada<\/h2>\n\n<p><\/p>\n","protected":false},"author":2,"featured_media":5135,"comment_status":"open","ping_status":"closed","template":"","meta":{"_kad_blocks_custom_css":"","_kad_blocks_head_custom_js":"","_kad_blocks_body_custom_js":"","_kad_blocks_footer_custom_js":"","_kad_post_transparent":"","_kad_post_title":"","_kad_post_layout":"","_kad_post_sidebar_id":"","_kad_post_content_style":"","_kad_post_vertical_padding":"","_kad_post_feature":"","_kad_post_feature_position":"","_kad_post_header":false,"_kad_post_footer":false,"_kad_post_classname":"","yasr_overall_rating":0,"yasr_post_is_review":"","yasr_auto_insert_disabled":"","yasr_review_type":"LocalBusiness"},"region":[131,152],"erlebnisart":[182,185],"class_list":["post-5747","erlebnisse","type-erlebnisse","status-publish","has-post-thumbnail","hentry","region-deutschland-es","region-sn-es","erlebnisart-klettern-es","erlebnisart-kletterpark-es"],"yasr_visitor_votes":{"stars_attributes":{"read_only":false,"span_bottom":false},"number_of_votes":0,"sum_votes":0},"taxonomy_info":{"region":[{"value":131,"label":"Alemania"},{"value":152,"label":"Sachsen"}],"erlebnisart":[{"value":182,"label":"Escalada"},{"value":185,"label":"Parque de Escalada"}]},"featured_image_src_large":["https:\/\/walderlebnispfade.de\/wp-content\/uploads\/2024\/07\/Kletterwald_Chemnitz-1024x576.jpg",1024,576,true],"author_info":{"display_name":"Moni","author_link":"https:\/\/walderlebnispfade.de\/es\/author\/moni\/"},"comment_info":0,"_links":{"self":[{"href":"https:\/\/walderlebnispfade.de\/es\/wp-json\/wp\/v2\/erlebnisse\/5747","targetHints":{"allow":["GET"]}}],"collection":[{"href":"https:\/\/walderlebnispfade.de\/es\/wp-json\/wp\/v2\/erlebnisse"}],"about":[{"href":"https:\/\/walderlebnispfade.de\/es\/wp-json\/wp\/v2\/types\/erlebnisse"}],"author":[{"embeddable":true,"href":"https:\/\/walderlebnispfade.de\/es\/wp-json\/wp\/v2\/users\/2"}],"replies":[{"embeddable":true,"href":"https:\/\/walderlebnispfade.de\/es\/wp-json\/wp\/v2\/comments?post=5747"}],"wp:featuredmedia":[{"embeddable":true,"href":"https:\/\/walderlebnispfade.de\/es\/wp-json\/wp\/v2\/media\/5135"}],"wp:attachment":[{"href":"https:\/\/walderlebnispfade.de\/es\/wp-json\/wp\/v2\/media?parent=5747"}],"wp:term":[{"taxonomy":"region","embeddable":true,"href":"https:\/\/walderlebnispfade.de\/es\/wp-json\/wp\/v2\/region?post=5747"},{"taxonomy":"erlebnisart","embeddable":true,"href":"https:\/\/walderlebnispfade.de\/es\/wp-json\/wp\/v2\/erlebnisart?post=5747"}],"curies":[{"name":"wp","href":"https:\/\/api.w.org\/{rel}","templated":true}]}}

<style>.wp-block-kadence-advancedheading.kt-adv-heading4026_5bd0c8-d2, .wp-block-kadence-advancedheading.kt-adv-heading4026_5bd0c8-d2[data-kb-block="kb-adv-heading4026_5bd0c8-d2"]{font-style:normal;}.wp-block-kadence-advancedheading.kt-adv-heading4026_5bd0c8-d2 mark.kt-highlight, .wp-block-kadence-advancedheading.kt-adv-heading4026_5bd0c8-d2[data-kb-block="kb-adv-heading4026_5bd0c8-d2"] mark.kt-highlight{font-style:normal;color:#f76a0c;-webkit-box-decoration-break:clone;box-decoration-break:clone;padding-top:0px;padding-right:0px;padding-bottom:0px;padding-left:0px;}.wp-block-kadence-advancedheading.kt-adv-heading4026_5bd0c8-d2 img.kb-inline-image, .wp-block-kadence-advancedheading.kt-adv-heading4026_5bd0c8-d2[data-kb-block="kb-adv-heading4026_5bd0c8-d2"] img.kb-inline-image{width:150px;vertical-align:baseline;}</style>
<h2 class="kt-adv-heading4026_5bd0c8-d2 wp-block-kadence-advancedheading" data-kb-block="kb-adv-heading4026_5bd0c8-d2"><strong>Experiencia de escalada única en Chemnitz</strong></h2>

<p>El bosque de escalada de Chemnitz-Rabenstein ofrece a todos los escaladores aventureros un desafío individual en un total de 12 recorridos diferentes. El recorrido total tiene más de 1.500 m y está equipado con 121 elementos de escalada que alcanzan alturas de hasta 20 m. Ya sea practicando snowboard bajo las copas de los árboles, sintiéndote como Tarzán en una liana, trepando por una tela de araña o volando por el bosque en teleféricos, todo es posible en el bosque de escalada de Rabenstein. ¿Sigues buscando una idea para un regalo de cumpleaños? ¿Qué tal un <a href="https://www.kletterwald-chemnitz.de/gutscheine/gutscheine-bestellen.html" data-type="link" data-id="https://www.kletterwald-chemnitz.de/gutscheine/gutscheine-bestellen.html" target="_blank" rel="noreferrer noopener">vale </a>para el bosque de escalada?</p>
<style>.kb-table-of-content-nav.kb-table-of-content-id4026_a1edcc-a9 .kb-table-of-content-wrap{padding-top:var(--global-kb-spacing-sm, 1.5rem);padding-right:var(--global-kb-spacing-sm, 1.5rem);padding-bottom:var(--global-kb-spacing-sm, 1.5rem);padding-left:var(--global-kb-spacing-sm, 1.5rem);background-color:var(--global-palette8, #F7FAFC);box-shadow:inset 0px 0px 14px 0px rgba(0, 0, 0, 0.2);}.kb-table-of-content-nav.kb-table-of-content-id4026_a1edcc-a9 .kb-table-of-contents-title-wrap{padding-top:0px;padding-right:0px;padding-bottom:0px;padding-left:0px;}.kb-table-of-content-nav.kb-table-of-content-id4026_a1edcc-a9 .kb-table-of-contents-title{font-weight:regular;font-style:normal;}.kb-table-of-content-nav.kb-table-of-content-id4026_a1edcc-a9 .kb-table-of-content-wrap .kb-table-of-content-list{font-weight:regular;font-style:normal;margin-top:var(--global-kb-spacing-sm, 1.5rem);margin-right:0px;margin-bottom:0px;margin-left:0px;}.kb-table-of-content-nav.kb-table-of-content-id4026_a1edcc-a9 .kb-toggle-icon-style-basiccircle .kb-table-of-contents-icon-trigger:after, .kb-table-of-content-nav.kb-table-of-content-id4026_a1edcc-a9 .kb-toggle-icon-style-basiccircle .kb-table-of-contents-icon-trigger:before, .kb-table-of-content-nav.kb-table-of-content-id4026_a1edcc-a9 .kb-toggle-icon-style-arrowcircle .kb-table-of-contents-icon-trigger:after, .kb-table-of-content-nav.kb-table-of-content-id4026_a1edcc-a9 .kb-toggle-icon-style-arrowcircle .kb-table-of-contents-icon-trigger:before, .kb-table-of-content-nav.kb-table-of-content-id4026_a1edcc-a9 .kb-toggle-icon-style-xclosecircle .kb-table-of-contents-icon-trigger:after, .kb-table-of-content-nav.kb-table-of-content-id4026_a1edcc-a9 .kb-toggle-icon-style-xclosecircle .kb-table-of-contents-icon-trigger:before{background-color:var(--global-palette8, #F7FAFC);}</style>
<p>Antes de la diversión individual en los distintos recorridos, el equipo del bosque de escalada le instruirá en técnicas de seguridad. Cualquier persona que se sienta física y mentalmente en forma y mida al menos 120 cm puede escalar. El peso máximo no debe superar los 120 kg.  Recomendamos calzado resistente y ropa cómoda y resistente. Por favor, recoge el pelo largo.</p>

<p>El bosque de escalada Chemnitz-Rabenstein está abierto de marzo a noviembre de 2025 en diferentes horarios según las condiciones meteorológicas. Consulta los horarios de apertura actuales en el sitio web indicado.  Puedes utilizar el aparcamiento situado frente al embalse de Rabenstein (cargo de 3 €).  <strong>Los perros pueden entrar en el recinto con correa.  </strong></p>

<p>Si necesitas más opciones: también hay un artículo en el blog con información sobre los <a href="https://walderlebnispfade.de/es/bosques-de-escalada-en-alemania-resumen-de-los-144-lugares-en-2025/" data-type="link" data-id="https://walderlebnispfade.de/kletterwaelder-in-deutschland/">144 bosques de escalada de Alemania</a>.</p>

<h3 class="wp-block-heading">Datos sobre el bosque de escalada de Chemnitz-Rabernstein</h3>

<figure class="wp-block-table"><table class="has-fixed-layout"><tbody><tr><td>Número de cursos:</td><td>12</td></tr><tr><td>Elementos:</td><td>121</td></tr><tr><td>Longitud total del teleférico:</td><td>290 metros</td></tr><tr><td>Ruta de escalada completa:</td><td>1503 metros</td></tr><tr><td>Punto más alto de las vías de escalada:</td><td>20 metros</td></tr><tr><td>Edad mínima:</td><td>6 años</td></tr><tr><td>Tamaño mínimo:</td><td>1,20 metros</td></tr></tbody></table></figure>

<hr class="wp-block-separator has-alpha-channel-opacity" style="margin-top:var(--wp--preset--spacing--50);margin-bottom:var(--wp--preset--spacing--50)"/>
<style>.kadence-column4026_568943-54 > .kt-inside-inner-col{display:flex;}.kadence-column4026_568943-54 > .kt-inside-inner-col{padding-top:var(--global-kb-spacing-xs, 1rem);padding-right:var(--global-kb-spacing-xs, 1rem);padding-bottom:var(--global-kb-spacing-xs, 1rem);padding-left:var(--global-kb-spacing-xs, 1rem);}.kadence-column4026_568943-54 > .kt-inside-inner-col{box-shadow:0px 0px 14px 0px rgba(0, 0, 0, 0.2);}.kadence-column4026_568943-54 > .kt-inside-inner-col,.kadence-column4026_568943-54 > .kt-inside-inner-col:before{border-top-left-radius:0px;border-top-right-radius:0px;border-bottom-right-radius:0px;border-bottom-left-radius:0px;}.kadence-column4026_568943-54 > .kt-inside-inner-col{column-gap:var(--global-kb-gap-sm, 1rem);}.kadence-column4026_568943-54 > .kt-inside-inner-col{flex-direction:column;align-items:center;}.kadence-column4026_568943-54 > .kt-inside-inner-col > .kb-image-is-ratio-size{align-self:stretch;}.kadence-column4026_568943-54 > .kt-inside-inner-col > .wp-block-kadence-advancedgallery{align-self:stretch;}.kadence-column4026_568943-54 > .kt-inside-inner-col > .aligncenter{width:100%;}.kadence-column4026_568943-54 > .kt-inside-inner-col{background-color:var(--global-palette8, #F7FAFC);}.kadence-column4026_568943-54 > .kt-inside-inner-col:before{opacity:0.3;}.kadence-column4026_568943-54{position:relative;}@media all and (max-width: 1024px){.kadence-column4026_568943-54 > .kt-inside-inner-col{flex-direction:column;justify-content:center;align-items:center;}}@media all and (max-width: 767px){.kadence-column4026_568943-54 > .kt-inside-inner-col{flex-direction:column;justify-content:center;align-items:center;}}</style>
<div class="wp-block-kadence-column kadence-column4026_568943-54"><div class="kt-inside-inner-col">
<p class="has-text-align-center">¿Qué te parece el bosque de escalada de Chemnitz-Rabenstein? Déjanos un comentario.   <br/>Nos ayudas a nosotros y a otros amantes de la naturaleza. Muchas gracias 🙂 ¡!</p>



<div class="wp-block-yet-another-stars-rating-visitor-votes aligncenter yasr-vv-block"></div>



<p>Puedes encontrar más aventuras en nuestra <a href="https://walderlebnispfade.de/es/experiencias-forestales/" data-type="page" data-id="228">búsqueda de experiencias en el bosque</a> y en la <a href="https://walderlebnispfade.de/es/bosques-de-escalada-en-alemania-resumen-de-los-144-lugares-en-2025/" data-type="link" data-id="https://walderlebnispfade.de/kletterwaelder-in-deutschland/">vista general del bosque de escalada</a>.</p>
</div></div>

<hr class="wp-block-separator has-alpha-channel-opacity" style="margin-top:var(--wp--preset--spacing--50);margin-bottom:var(--wp--preset--spacing--50)"/>
<style>.wp-block-kadence-advancedheading.kt-adv-heading4026_077adb-80, .wp-block-kadence-advancedheading.kt-adv-heading4026_077adb-80[data-kb-block="kb-adv-heading4026_077adb-80"]{font-size:var(--global-kb-font-size-md, 1.25rem);font-style:normal;}.wp-block-kadence-advancedheading.kt-adv-heading4026_077adb-80 mark.kt-highlight, .wp-block-kadence-advancedheading.kt-adv-heading4026_077adb-80[data-kb-block="kb-adv-heading4026_077adb-80"] mark.kt-highlight{font-style:normal;color:#f76a0c;-webkit-box-decoration-break:clone;box-decoration-break:clone;padding-top:0px;padding-right:0px;padding-bottom:0px;padding-left:0px;}.wp-block-kadence-advancedheading.kt-adv-heading4026_077adb-80 img.kb-inline-image, .wp-block-kadence-advancedheading.kt-adv-heading4026_077adb-80[data-kb-block="kb-adv-heading4026_077adb-80"] img.kb-inline-image{width:150px;vertical-align:baseline;}</style>
<h2 class="kt-adv-heading4026_077adb-80 wp-block-kadence-advancedheading" data-kb-block="kb-adv-heading4026_077adb-80">Video escalada bosque Chemnitz-Rabenstein</h2>

<figure class="wp-block-embed is-type-video is-provider-youtube wp-block-embed-youtube wp-embed-aspect-16-9 wp-has-aspect-ratio"><div class="wp-block-embed__wrapper">
<iframe loading="lazy" hcb-fetch-image-from="https://youtu.be/s1VT4A86TG8?si=n877-EzHOQuxeEKK" title="Ein Tag im Kletterwald Rabenstein" width="720" height="405" src="https://www.youtube.com/embed/s1VT4A86TG8?feature=oembed" frameborder="0" allow="accelerometer; autoplay; clipboard-write; encrypted-media; gyroscope; picture-in-picture; web-share" referrerpolicy="strict-origin-when-cross-origin" allowfullscreen></iframe>
</div></figure>

<p></p>
<style>.wp-block-kadence-advancedheading.kt-adv-heading4026_a18d1b-6a, .wp-block-kadence-advancedheading.kt-adv-heading4026_a18d1b-6a[data-kb-block="kb-adv-heading4026_a18d1b-6a"]{font-style:normal;}.wp-block-kadence-advancedheading.kt-adv-heading4026_a18d1b-6a mark.kt-highlight, .wp-block-kadence-advancedheading.kt-adv-heading4026_a18d1b-6a[data-kb-block="kb-adv-heading4026_a18d1b-6a"] mark.kt-highlight{font-style:normal;color:#f76a0c;-webkit-box-decoration-break:clone;box-decoration-break:clone;padding-top:0px;padding-right:0px;padding-bottom:0px;padding-left:0px;}.wp-block-kadence-advancedheading.kt-adv-heading4026_a18d1b-6a img.kb-inline-image, .wp-block-kadence-advancedheading.kt-adv-heading4026_a18d1b-6a[data-kb-block="kb-adv-heading4026_a18d1b-6a"] img.kb-inline-image{width:150px;vertical-align:baseline;}</style>
<h2 class="kt-adv-heading4026_a18d1b-6a wp-block-kadence-advancedheading" data-kb-block="kb-adv-heading4026_a18d1b-6a">Más información sobre el parque de escalada</h2>

<p></p>
