{"id":5751,"date":"2024-03-11T22:46:17","date_gmt":"2024-03-11T21:46:17","guid":{"rendered":"https:\/\/walderlebnispfade.de\/erlebnisse\/bosque-de-escalada-gera\/"},"modified":"2026-04-22T11:54:07","modified_gmt":"2026-04-22T09:54:07","slug":"bosque-de-escalada-gera","status":"publish","type":"erlebnisse","link":"https:\/\/walderlebnispfade.de\/es\/erlebnisse\/bosque-de-escalada-gera\/","title":{"rendered":"Bosque de escalada Gera"},"content":{"rendered":"<style>.wp-block-kadence-advancedheading.kt-adv-heading450_662295-3f, .wp-block-kadence-advancedheading.kt-adv-heading450_662295-3f[data-kb-block=\"kb-adv-heading450_662295-3f\"]{font-size:var(--global-kb-font-size-md, 1.25rem);font-style:normal;}.wp-block-kadence-advancedheading.kt-adv-heading450_662295-3f mark.kt-highlight, .wp-block-kadence-advancedheading.kt-adv-heading450_662295-3f[data-kb-block=\"kb-adv-heading450_662295-3f\"] mark.kt-highlight{font-style:normal;color:#f76a0c;-webkit-box-decoration-break:clone;box-decoration-break:clone;padding-top:0px;padding-right:0px;padding-bottom:0px;padding-left:0px;}.wp-block-kadence-advancedheading.kt-adv-heading450_662295-3f img.kb-inline-image, .wp-block-kadence-advancedheading.kt-adv-heading450_662295-3f[data-kb-block=\"kb-adv-heading450_662295-3f\"] img.kb-inline-image{width:150px;vertical-align:baseline;}<\/style>\n<h2 class=\"kt-adv-heading450_662295-3f wp-block-kadence-advancedheading\" data-kb-block=\"kb-adv-heading450_662295-3f\">Te espera una aventura inolvidable en el bosque de escalada de Gera<\/h2>\n\n<p>\u00bfEst\u00e1s preparado para una aventura inolvidable al aire libre? \u00a1El bosque de escalada de Gera te ofrece m\u00e1s de 120 elementos emocionantes en 7 recorridos! Aqu\u00ed encontrar\u00e1s sin duda tu propio reto personal. Los cursos ofrecen distintos niveles de dificultad para cada nivel de forma f\u00edsica. Los elementos m\u00e1s dif\u00edciles se encuentran a alturas de hasta 8 metros y prometen diversi\u00f3n y adrenalina pura. Podr\u00e1s mantener el equilibrio sobre puentes colgantes como Indiana Jones, deslizarte por el bosque en tirolinas, saltar desde una liana oscilante a una red gigante como Tarz\u00e1n e incluso desplazarte en snowboard, trineo o balsa. <\/p>\n<style>.kb-table-of-content-nav.kb-table-of-content-id450_bc9a67-ba .kb-table-of-content-wrap{padding-top:var(--global-kb-spacing-sm, 1.5rem);padding-right:var(--global-kb-spacing-sm, 1.5rem);padding-bottom:var(--global-kb-spacing-sm, 1.5rem);padding-left:var(--global-kb-spacing-sm, 1.5rem);background-color:var(--global-palette8, #F7FAFC);box-shadow:inset 0px 0px 14px 0px rgba(0, 0, 0, 0.2);}.kb-table-of-content-nav.kb-table-of-content-id450_bc9a67-ba .kb-table-of-contents-title-wrap{padding-top:0px;padding-right:0px;padding-bottom:0px;padding-left:0px;}.kb-table-of-content-nav.kb-table-of-content-id450_bc9a67-ba .kb-table-of-contents-title{font-weight:regular;font-style:normal;}.kb-table-of-content-nav.kb-table-of-content-id450_bc9a67-ba .kb-table-of-content-wrap .kb-table-of-content-list{font-weight:regular;font-style:normal;margin-top:var(--global-kb-spacing-sm, 1.5rem);margin-right:0px;margin-bottom:0px;margin-left:0px;}.kb-table-of-content-nav.kb-table-of-content-id450_bc9a67-ba .kb-toggle-icon-style-basiccircle .kb-table-of-contents-icon-trigger:after, .kb-table-of-content-nav.kb-table-of-content-id450_bc9a67-ba .kb-toggle-icon-style-basiccircle .kb-table-of-contents-icon-trigger:before, .kb-table-of-content-nav.kb-table-of-content-id450_bc9a67-ba .kb-toggle-icon-style-arrowcircle .kb-table-of-contents-icon-trigger:after, .kb-table-of-content-nav.kb-table-of-content-id450_bc9a67-ba .kb-toggle-icon-style-arrowcircle .kb-table-of-contents-icon-trigger:before, .kb-table-of-content-nav.kb-table-of-content-id450_bc9a67-ba .kb-toggle-icon-style-xclosecircle .kb-table-of-contents-icon-trigger:after, .kb-table-of-content-nav.kb-table-of-content-id450_bc9a67-ba .kb-toggle-icon-style-xclosecircle .kb-table-of-contents-icon-trigger:before{background-color:var(--global-palette8, #F7FAFC);}<\/style>\n<p>El bosque de escalada de Gera ofrece diversi\u00f3n para toda la familia. Hay un curso especial para ni\u00f1os peque\u00f1os, para los aventureros m\u00e1s j\u00f3venes a partir de 2 a\u00f1os. Pod\u00e9is descargar aqu\u00ed la declaraci\u00f3n de consentimiento para escaladores menores de edad y rellenarla en casa. El sistema de seguridad Clic-It utilizado impide la apertura simult\u00e1nea de ambos mosquetones y, gracias a su facilidad de manejo, tambi\u00e9n es apto para ni\u00f1os peque\u00f1os. <\/p>\n\n<p>Todos los recorridos est\u00e1n equipados con los sistemas de seguridad m\u00e1s modernos y se revisan peri\u00f3dicamente. El experimentado equipo est\u00e1 a tu disposici\u00f3n en todo momento y vela por una experiencia de escalada segura. Cada escalador recibe previamente el equipo de seguridad profesional y las instrucciones pertinentes.  <\/p>\n\n<p>Las entradas tambi\u00e9n se pueden comprar por adelantado <a href=\"https:\/\/kletterwald-gera.de\/buchung\" target=\"_blank\" rel=\"noreferrer noopener\">online<\/a>. Hay precios especiales para grupos. No obstante, es necesario realizar una reserva previa a trav\u00e9s de la p\u00e1gina web del operador. El bosque de escalada se encuentra en Martinsgrund, en Gera. Hay aparcamiento disponible directamente en el lugar.    <\/p>\n\n<p>Si necesitas m\u00e1s opciones: tambi\u00e9n hay un art\u00edculo en el blog con informaci\u00f3n sobre los <a href=\"https:\/\/walderlebnispfade.de\/es\/bosques-de-escalada-en-alemania-resumen-de-los-144-lugares-en-2025\/\" data-type=\"link\" data-id=\"https:\/\/walderlebnispfade.de\/kletterwaelder-in-deutschland\/\">144 bosques de escalada de Alemania<\/a>.<\/p>\n<style>.wp-block-kadence-advancedheading.kt-adv-heading450_992c26-46, .wp-block-kadence-advancedheading.kt-adv-heading450_992c26-46[data-kb-block=\"kb-adv-heading450_992c26-46\"]{font-size:var(--global-kb-font-size-md, 1.25rem);font-style:normal;}.wp-block-kadence-advancedheading.kt-adv-heading450_992c26-46 mark.kt-highlight, .wp-block-kadence-advancedheading.kt-adv-heading450_992c26-46[data-kb-block=\"kb-adv-heading450_992c26-46\"] mark.kt-highlight{font-style:normal;color:#f76a0c;-webkit-box-decoration-break:clone;box-decoration-break:clone;padding-top:0px;padding-right:0px;padding-bottom:0px;padding-left:0px;}.wp-block-kadence-advancedheading.kt-adv-heading450_992c26-46 img.kb-inline-image, .wp-block-kadence-advancedheading.kt-adv-heading450_992c26-46[data-kb-block=\"kb-adv-heading450_992c26-46\"] img.kb-inline-image{width:150px;vertical-align:baseline;}<\/style>\n<h3 class=\"kt-adv-heading450_992c26-46 wp-block-kadence-advancedheading\" data-kb-block=\"kb-adv-heading450_992c26-46\">Horario de apertura 2026 en el bosque de escalada de Gera<\/h3>\n\n<p>El bosque de escalada de Gera est\u00e1 abierto de <strong>marzo<\/strong> a <strong>octubre<\/strong> de la siguiente manera:<\/p>\n\n<figure class=\"wp-block-table\"><table><tbody><tr><td><\/td><td><strong>Fuera <\/strong> de vacaciones<\/td><td><strong>Durante <\/strong>las vacaciones<\/td><\/tr><tr><td>De lunes a jueves<\/td><td>Cerrado<\/td><td>10:00 \u2013 20:00<\/td><\/tr><tr><td>Viernes<\/td><td>13:00 \u2013 20:00<\/td><td>10:00 \u2013 20:00<\/td><\/tr><tr><td>S\u00e1bado<\/td><td>10:00 \u2013 20:00<\/td><td>10:00 \u2013 20:00<\/td><\/tr><tr><td>Domingo  <\/td><td>10:00 \u2013 20:30<\/td><td>10:00 \u2013 20:00<\/td><\/tr><\/tbody><\/table><figcaption class=\"wp-element-caption\">Horario de apertura del bosque de escalada de Gera<\/figcaption><\/figure>\n\n<hr class=\"wp-block-separator has-alpha-channel-opacity\" style=\"margin-top:var(--wp--preset--spacing--50);margin-bottom:var(--wp--preset--spacing--50)\"\/>\n<style>.kadence-column450_5177fb-56 > .kt-inside-inner-col{display:flex;}.kadence-column450_5177fb-56 > .kt-inside-inner-col{padding-top:var(--global-kb-spacing-xs, 1rem);padding-right:var(--global-kb-spacing-xs, 1rem);padding-bottom:var(--global-kb-spacing-xs, 1rem);padding-left:var(--global-kb-spacing-xs, 1rem);}.kadence-column450_5177fb-56 > .kt-inside-inner-col{box-shadow:0px 0px 14px 0px rgba(0, 0, 0, 0.2);}.kadence-column450_5177fb-56 > .kt-inside-inner-col,.kadence-column450_5177fb-56 > .kt-inside-inner-col:before{border-top-left-radius:0px;border-top-right-radius:0px;border-bottom-right-radius:0px;border-bottom-left-radius:0px;}.kadence-column450_5177fb-56 > .kt-inside-inner-col{column-gap:var(--global-kb-gap-sm, 1rem);}.kadence-column450_5177fb-56 > .kt-inside-inner-col{flex-direction:column;align-items:center;}.kadence-column450_5177fb-56 > .kt-inside-inner-col > .kb-image-is-ratio-size{align-self:stretch;}.kadence-column450_5177fb-56 > .kt-inside-inner-col > .wp-block-kadence-advancedgallery{align-self:stretch;}.kadence-column450_5177fb-56 > .kt-inside-inner-col > .aligncenter{width:100%;}.kadence-column450_5177fb-56 > .kt-inside-inner-col{background-color:var(--global-palette8, #F7FAFC);}.kadence-column450_5177fb-56 > .kt-inside-inner-col:before{opacity:0.3;}.kadence-column450_5177fb-56{position:relative;}@media all and (max-width: 1024px){.kadence-column450_5177fb-56 > .kt-inside-inner-col{flex-direction:column;justify-content:center;align-items:center;}}@media all and (max-width: 767px){.kadence-column450_5177fb-56 > .kt-inside-inner-col{flex-direction:column;justify-content:center;align-items:center;}}<\/style>\n<div class=\"wp-block-kadence-column kadence-column450_5177fb-56\"><div class=\"kt-inside-inner-col\">\n<p class=\"has-text-align-center\">\u00bfQu\u00e9 te parece el bosque de escalada de Gera? Por favor, d\u00e9janos una opini\u00f3n.  <br\/>Nos ayudas a nosotros y a otros amantes de la naturaleza. Muchas gracias \ud83d\ude42 \u00a1!<\/p>\n\n\n\n<div class=\"wp-block-yet-another-stars-rating-visitor-votes aligncenter yasr-vv-block\"><\/div>\n\n\n\n<p>\u00a1Pod\u00e9is encontrar m\u00e1s aventuras en nuestra <a href=\"https:\/\/walderlebnispfade.de\/es\/experiencias-forestales\/\" data-type=\"page\" data-id=\"228\">b\u00fasqueda de experiencias forestales<\/a>!<\/p>\n<\/div><\/div>\n\n<hr class=\"wp-block-separator has-alpha-channel-opacity\" style=\"margin-top:var(--wp--preset--spacing--50);margin-bottom:var(--wp--preset--spacing--50)\"\/>\n<style>.wp-block-kadence-advancedheading.kt-adv-heading450_45e9ca-64, .wp-block-kadence-advancedheading.kt-adv-heading450_45e9ca-64[data-kb-block=\"kb-adv-heading450_45e9ca-64\"]{font-size:var(--global-kb-font-size-md, 1.25rem);font-style:normal;}.wp-block-kadence-advancedheading.kt-adv-heading450_45e9ca-64 mark.kt-highlight, .wp-block-kadence-advancedheading.kt-adv-heading450_45e9ca-64[data-kb-block=\"kb-adv-heading450_45e9ca-64\"] mark.kt-highlight{font-style:normal;color:#f76a0c;-webkit-box-decoration-break:clone;box-decoration-break:clone;padding-top:0px;padding-right:0px;padding-bottom:0px;padding-left:0px;}.wp-block-kadence-advancedheading.kt-adv-heading450_45e9ca-64 img.kb-inline-image, .wp-block-kadence-advancedheading.kt-adv-heading450_45e9ca-64[data-kb-block=\"kb-adv-heading450_45e9ca-64\"] img.kb-inline-image{width:150px;vertical-align:baseline;}<\/style>\n<h2 class=\"kt-adv-heading450_45e9ca-64 wp-block-kadence-advancedheading\" data-kb-block=\"kb-adv-heading450_45e9ca-64\">V\u00eddeo: La escalada en Gera \u00a1tambi\u00e9n es cosa de los m\u00e1s peque\u00f1os!<\/h2>\n\n<figure class=\"wp-block-embed is-type-video is-provider-youtube wp-block-embed-youtube wp-embed-aspect-16-9 wp-has-aspect-ratio\"><div class=\"wp-block-embed__wrapper\">\n<iframe loading=\"lazy\" hcb-fetch-image-from=\"https:\/\/youtu.be\/1wKQI-N1UJ8?si=HpFpFSK_PvAtdqzB\" title=\"kletterwald gera\" width=\"720\" height=\"405\" src=\"https:\/\/www.youtube.com\/embed\/1wKQI-N1UJ8?feature=oembed\" frameborder=\"0\" allow=\"accelerometer; autoplay; clipboard-write; encrypted-media; gyroscope; picture-in-picture; web-share\" referrerpolicy=\"strict-origin-when-cross-origin\" allowfullscreen><\/iframe>\n<\/div><\/figure>\n","protected":false},"author":2,"featured_media":5143,"comment_status":"open","ping_status":"closed","template":"","meta":{"_kad_blocks_custom_css":"","_kad_blocks_head_custom_js":"","_kad_blocks_body_custom_js":"","_kad_blocks_footer_custom_js":"","_kad_post_transparent":"","_kad_post_title":"","_kad_post_layout":"","_kad_post_sidebar_id":"","_kad_post_content_style":"","_kad_post_vertical_padding":"","_kad_post_feature":"","_kad_post_feature_position":"","_kad_post_header":false,"_kad_post_footer":false,"_kad_post_classname":"","yasr_overall_rating":0,"yasr_post_is_review":"","yasr_auto_insert_disabled":"","yasr_review_type":"LocalBusiness"},"region":[131,158],"erlebnisart":[197,182,185],"class_list":["post-5751","erlebnisse","type-erlebnisse","status-publish","has-post-thumbnail","hentry","region-deutschland-es","region-th-es","erlebnisart-niedrigseilgarten-es","erlebnisart-klettern-es","erlebnisart-kletterpark-es"],"yasr_visitor_votes":{"stars_attributes":{"read_only":false,"span_bottom":false},"number_of_votes":0,"sum_votes":0},"taxonomy_info":{"region":[{"value":131,"label":"Alemania"},{"value":158,"label":"Th\u00fcringen"}],"erlebnisart":[{"value":197,"label":"Circuito de cuerdas bajas"},{"value":182,"label":"Escalada"},{"value":185,"label":"Parque de Escalada"}]},"featured_image_src_large":["https:\/\/walderlebnispfade.de\/wp-content\/uploads\/2024\/07\/Kletterwald_Gera-1024x576.jpg",1024,576,true],"author_info":{"display_name":"Moni","author_link":"https:\/\/walderlebnispfade.de\/es\/author\/moni\/"},"comment_info":0,"_links":{"self":[{"href":"https:\/\/walderlebnispfade.de\/es\/wp-json\/wp\/v2\/erlebnisse\/5751","targetHints":{"allow":["GET"]}}],"collection":[{"href":"https:\/\/walderlebnispfade.de\/es\/wp-json\/wp\/v2\/erlebnisse"}],"about":[{"href":"https:\/\/walderlebnispfade.de\/es\/wp-json\/wp\/v2\/types\/erlebnisse"}],"author":[{"embeddable":true,"href":"https:\/\/walderlebnispfade.de\/es\/wp-json\/wp\/v2\/users\/2"}],"replies":[{"embeddable":true,"href":"https:\/\/walderlebnispfade.de\/es\/wp-json\/wp\/v2\/comments?post=5751"}],"wp:featuredmedia":[{"embeddable":true,"href":"https:\/\/walderlebnispfade.de\/es\/wp-json\/wp\/v2\/media\/5143"}],"wp:attachment":[{"href":"https:\/\/walderlebnispfade.de\/es\/wp-json\/wp\/v2\/media?parent=5751"}],"wp:term":[{"taxonomy":"region","embeddable":true,"href":"https:\/\/walderlebnispfade.de\/es\/wp-json\/wp\/v2\/region?post=5751"},{"taxonomy":"erlebnisart","embeddable":true,"href":"https:\/\/walderlebnispfade.de\/es\/wp-json\/wp\/v2\/erlebnisart?post=5751"}],"curies":[{"name":"wp","href":"https:\/\/api.w.org\/{rel}","templated":true}]}}

<style>.wp-block-kadence-advancedheading.kt-adv-heading450_662295-3f, .wp-block-kadence-advancedheading.kt-adv-heading450_662295-3f[data-kb-block="kb-adv-heading450_662295-3f"]{font-size:var(--global-kb-font-size-md, 1.25rem);font-style:normal;}.wp-block-kadence-advancedheading.kt-adv-heading450_662295-3f mark.kt-highlight, .wp-block-kadence-advancedheading.kt-adv-heading450_662295-3f[data-kb-block="kb-adv-heading450_662295-3f"] mark.kt-highlight{font-style:normal;color:#f76a0c;-webkit-box-decoration-break:clone;box-decoration-break:clone;padding-top:0px;padding-right:0px;padding-bottom:0px;padding-left:0px;}.wp-block-kadence-advancedheading.kt-adv-heading450_662295-3f img.kb-inline-image, .wp-block-kadence-advancedheading.kt-adv-heading450_662295-3f[data-kb-block="kb-adv-heading450_662295-3f"] img.kb-inline-image{width:150px;vertical-align:baseline;}</style>
<h2 class="kt-adv-heading450_662295-3f wp-block-kadence-advancedheading" data-kb-block="kb-adv-heading450_662295-3f">Te espera una aventura inolvidable en el bosque de escalada de Gera</h2>

<p>¿Estás preparado para una aventura inolvidable al aire libre? ¡El bosque de escalada de Gera te ofrece más de 120 elementos emocionantes en 7 recorridos! Aquí encontrarás sin duda tu propio reto personal. Los cursos ofrecen distintos niveles de dificultad para cada nivel de forma física. Los elementos más difíciles se encuentran a alturas de hasta 8 metros y prometen diversión y adrenalina pura. Podrás mantener el equilibrio sobre puentes colgantes como Indiana Jones, deslizarte por el bosque en tirolinas, saltar desde una liana oscilante a una red gigante como Tarzán e incluso desplazarte en snowboard, trineo o balsa. </p>
<style>.kb-table-of-content-nav.kb-table-of-content-id450_bc9a67-ba .kb-table-of-content-wrap{padding-top:var(--global-kb-spacing-sm, 1.5rem);padding-right:var(--global-kb-spacing-sm, 1.5rem);padding-bottom:var(--global-kb-spacing-sm, 1.5rem);padding-left:var(--global-kb-spacing-sm, 1.5rem);background-color:var(--global-palette8, #F7FAFC);box-shadow:inset 0px 0px 14px 0px rgba(0, 0, 0, 0.2);}.kb-table-of-content-nav.kb-table-of-content-id450_bc9a67-ba .kb-table-of-contents-title-wrap{padding-top:0px;padding-right:0px;padding-bottom:0px;padding-left:0px;}.kb-table-of-content-nav.kb-table-of-content-id450_bc9a67-ba .kb-table-of-contents-title{font-weight:regular;font-style:normal;}.kb-table-of-content-nav.kb-table-of-content-id450_bc9a67-ba .kb-table-of-content-wrap .kb-table-of-content-list{font-weight:regular;font-style:normal;margin-top:var(--global-kb-spacing-sm, 1.5rem);margin-right:0px;margin-bottom:0px;margin-left:0px;}.kb-table-of-content-nav.kb-table-of-content-id450_bc9a67-ba .kb-toggle-icon-style-basiccircle .kb-table-of-contents-icon-trigger:after, .kb-table-of-content-nav.kb-table-of-content-id450_bc9a67-ba .kb-toggle-icon-style-basiccircle .kb-table-of-contents-icon-trigger:before, .kb-table-of-content-nav.kb-table-of-content-id450_bc9a67-ba .kb-toggle-icon-style-arrowcircle .kb-table-of-contents-icon-trigger:after, .kb-table-of-content-nav.kb-table-of-content-id450_bc9a67-ba .kb-toggle-icon-style-arrowcircle .kb-table-of-contents-icon-trigger:before, .kb-table-of-content-nav.kb-table-of-content-id450_bc9a67-ba .kb-toggle-icon-style-xclosecircle .kb-table-of-contents-icon-trigger:after, .kb-table-of-content-nav.kb-table-of-content-id450_bc9a67-ba .kb-toggle-icon-style-xclosecircle .kb-table-of-contents-icon-trigger:before{background-color:var(--global-palette8, #F7FAFC);}</style>
<p>El bosque de escalada de Gera ofrece diversión para toda la familia. Hay un curso especial para niños pequeños, para los aventureros más jóvenes a partir de 2 años. Podéis descargar aquí la declaración de consentimiento para escaladores menores de edad y rellenarla en casa. El sistema de seguridad Clic-It utilizado impide la apertura simultánea de ambos mosquetones y, gracias a su facilidad de manejo, también es apto para niños pequeños. </p>

<p>Todos los recorridos están equipados con los sistemas de seguridad más modernos y se revisan periódicamente. El experimentado equipo está a tu disposición en todo momento y vela por una experiencia de escalada segura. Cada escalador recibe previamente el equipo de seguridad profesional y las instrucciones pertinentes.  </p>

<p>Las entradas también se pueden comprar por adelantado <a href="https://kletterwald-gera.de/buchung" target="_blank" rel="noreferrer noopener">online</a>. Hay precios especiales para grupos. No obstante, es necesario realizar una reserva previa a través de la página web del operador. El bosque de escalada se encuentra en Martinsgrund, en Gera. Hay aparcamiento disponible directamente en el lugar.    </p>

<p>Si necesitas más opciones: también hay un artículo en el blog con información sobre los <a href="https://walderlebnispfade.de/es/bosques-de-escalada-en-alemania-resumen-de-los-144-lugares-en-2025/" data-type="link" data-id="https://walderlebnispfade.de/kletterwaelder-in-deutschland/">144 bosques de escalada de Alemania</a>.</p>
<style>.wp-block-kadence-advancedheading.kt-adv-heading450_992c26-46, .wp-block-kadence-advancedheading.kt-adv-heading450_992c26-46[data-kb-block="kb-adv-heading450_992c26-46"]{font-size:var(--global-kb-font-size-md, 1.25rem);font-style:normal;}.wp-block-kadence-advancedheading.kt-adv-heading450_992c26-46 mark.kt-highlight, .wp-block-kadence-advancedheading.kt-adv-heading450_992c26-46[data-kb-block="kb-adv-heading450_992c26-46"] mark.kt-highlight{font-style:normal;color:#f76a0c;-webkit-box-decoration-break:clone;box-decoration-break:clone;padding-top:0px;padding-right:0px;padding-bottom:0px;padding-left:0px;}.wp-block-kadence-advancedheading.kt-adv-heading450_992c26-46 img.kb-inline-image, .wp-block-kadence-advancedheading.kt-adv-heading450_992c26-46[data-kb-block="kb-adv-heading450_992c26-46"] img.kb-inline-image{width:150px;vertical-align:baseline;}</style>
<h3 class="kt-adv-heading450_992c26-46 wp-block-kadence-advancedheading" data-kb-block="kb-adv-heading450_992c26-46">Horario de apertura 2026 en el bosque de escalada de Gera</h3>

<p>El bosque de escalada de Gera está abierto de <strong>marzo</strong> a <strong>octubre</strong> de la siguiente manera:</p>

<figure class="wp-block-table"><table><tbody><tr><td></td><td><strong>Fuera </strong> de vacaciones</td><td><strong>Durante </strong>las vacaciones</td></tr><tr><td>De lunes a jueves</td><td>Cerrado</td><td>10:00 – 20:00</td></tr><tr><td>Viernes</td><td>13:00 – 20:00</td><td>10:00 – 20:00</td></tr><tr><td>Sábado</td><td>10:00 – 20:00</td><td>10:00 – 20:00</td></tr><tr><td>Domingo  </td><td>10:00 – 20:30</td><td>10:00 – 20:00</td></tr></tbody></table><figcaption class="wp-element-caption">Horario de apertura del bosque de escalada de Gera</figcaption></figure>

<hr class="wp-block-separator has-alpha-channel-opacity" style="margin-top:var(--wp--preset--spacing--50);margin-bottom:var(--wp--preset--spacing--50)"/>
<style>.kadence-column450_5177fb-56 > .kt-inside-inner-col{display:flex;}.kadence-column450_5177fb-56 > .kt-inside-inner-col{padding-top:var(--global-kb-spacing-xs, 1rem);padding-right:var(--global-kb-spacing-xs, 1rem);padding-bottom:var(--global-kb-spacing-xs, 1rem);padding-left:var(--global-kb-spacing-xs, 1rem);}.kadence-column450_5177fb-56 > .kt-inside-inner-col{box-shadow:0px 0px 14px 0px rgba(0, 0, 0, 0.2);}.kadence-column450_5177fb-56 > .kt-inside-inner-col,.kadence-column450_5177fb-56 > .kt-inside-inner-col:before{border-top-left-radius:0px;border-top-right-radius:0px;border-bottom-right-radius:0px;border-bottom-left-radius:0px;}.kadence-column450_5177fb-56 > .kt-inside-inner-col{column-gap:var(--global-kb-gap-sm, 1rem);}.kadence-column450_5177fb-56 > .kt-inside-inner-col{flex-direction:column;align-items:center;}.kadence-column450_5177fb-56 > .kt-inside-inner-col > .kb-image-is-ratio-size{align-self:stretch;}.kadence-column450_5177fb-56 > .kt-inside-inner-col > .wp-block-kadence-advancedgallery{align-self:stretch;}.kadence-column450_5177fb-56 > .kt-inside-inner-col > .aligncenter{width:100%;}.kadence-column450_5177fb-56 > .kt-inside-inner-col{background-color:var(--global-palette8, #F7FAFC);}.kadence-column450_5177fb-56 > .kt-inside-inner-col:before{opacity:0.3;}.kadence-column450_5177fb-56{position:relative;}@media all and (max-width: 1024px){.kadence-column450_5177fb-56 > .kt-inside-inner-col{flex-direction:column;justify-content:center;align-items:center;}}@media all and (max-width: 767px){.kadence-column450_5177fb-56 > .kt-inside-inner-col{flex-direction:column;justify-content:center;align-items:center;}}</style>
<div class="wp-block-kadence-column kadence-column450_5177fb-56"><div class="kt-inside-inner-col">
<p class="has-text-align-center">¿Qué te parece el bosque de escalada de Gera? Por favor, déjanos una opinión.  <br/>Nos ayudas a nosotros y a otros amantes de la naturaleza. Muchas gracias 🙂 ¡!</p>



<div class="wp-block-yet-another-stars-rating-visitor-votes aligncenter yasr-vv-block"></div>



<p>¡Podéis encontrar más aventuras en nuestra <a href="https://walderlebnispfade.de/es/experiencias-forestales/" data-type="page" data-id="228">búsqueda de experiencias forestales</a>!</p>
</div></div>

<hr class="wp-block-separator has-alpha-channel-opacity" style="margin-top:var(--wp--preset--spacing--50);margin-bottom:var(--wp--preset--spacing--50)"/>
<style>.wp-block-kadence-advancedheading.kt-adv-heading450_45e9ca-64, .wp-block-kadence-advancedheading.kt-adv-heading450_45e9ca-64[data-kb-block="kb-adv-heading450_45e9ca-64"]{font-size:var(--global-kb-font-size-md, 1.25rem);font-style:normal;}.wp-block-kadence-advancedheading.kt-adv-heading450_45e9ca-64 mark.kt-highlight, .wp-block-kadence-advancedheading.kt-adv-heading450_45e9ca-64[data-kb-block="kb-adv-heading450_45e9ca-64"] mark.kt-highlight{font-style:normal;color:#f76a0c;-webkit-box-decoration-break:clone;box-decoration-break:clone;padding-top:0px;padding-right:0px;padding-bottom:0px;padding-left:0px;}.wp-block-kadence-advancedheading.kt-adv-heading450_45e9ca-64 img.kb-inline-image, .wp-block-kadence-advancedheading.kt-adv-heading450_45e9ca-64[data-kb-block="kb-adv-heading450_45e9ca-64"] img.kb-inline-image{width:150px;vertical-align:baseline;}</style>
<h2 class="kt-adv-heading450_45e9ca-64 wp-block-kadence-advancedheading" data-kb-block="kb-adv-heading450_45e9ca-64">Vídeo: La escalada en Gera ¡también es cosa de los más pequeños!</h2>

<figure class="wp-block-embed is-type-video is-provider-youtube wp-block-embed-youtube wp-embed-aspect-16-9 wp-has-aspect-ratio"><div class="wp-block-embed__wrapper">
<iframe loading="lazy" hcb-fetch-image-from="https://youtu.be/1wKQI-N1UJ8?si=HpFpFSK_PvAtdqzB" title="kletterwald gera" width="720" height="405" src="https://www.youtube.com/embed/1wKQI-N1UJ8?feature=oembed" frameborder="0" allow="accelerometer; autoplay; clipboard-write; encrypted-media; gyroscope; picture-in-picture; web-share" referrerpolicy="strict-origin-when-cross-origin" allowfullscreen></iframe>
</div></figure>

Thüringen
