{"id":1124,"date":"2024-03-05T22:23:08","date_gmt":"2024-03-05T21:23:08","guid":{"rendered":"https:\/\/walderlebnispfade.de\/a-propos-de-moi\/"},"modified":"2026-04-21T21:25:54","modified_gmt":"2026-04-21T19:25:54","slug":"a-propos-de-moi","status":"publish","type":"page","link":"https:\/\/walderlebnispfade.de\/fr\/a-propos-de-moi\/","title":{"rendered":"\u00c0 propos de moi"},"content":{"rendered":"\n<p><strong>Je suis heureux que vous ayez trouv\u00e9 le chemin vers moi. Je suis un passionn\u00e9 d&rsquo;activit\u00e9s de plein air depuis de nombreuses ann\u00e9es et je souhaite partager ici mes exp\u00e9riences sur les superbes aventures que j&rsquo;ai v\u00e9cues en Allemagne et en Europe ces derni\u00e8res ann\u00e9es. Que ce soit pour grimper, randonner ou simplement profiter de la nature, il y a tellement de super fa\u00e7ons de passer du temps en plein air. Vous trouverez certainement votre bonheur dans notre collection d&rsquo;<a href=\"https:\/\/walderlebnispfade.de\/fr\/experiences-en-foret\/\" data-type=\"page\" data-id=\"228\">exp\u00e9riences en for\u00eat <\/a>.<\/strong><\/p>\n<style>.kb-row-layout-id226_3c0262-82 > .kt-row-column-wrap{align-content:start;}:where(.kb-row-layout-id226_3c0262-82 > .kt-row-column-wrap) > .wp-block-kadence-column{justify-content:start;}.kb-row-layout-id226_3c0262-82 > .kt-row-column-wrap{column-gap:var(--global-kb-gap-md, 2rem);row-gap:var(--global-kb-gap-md, 2rem);padding-top:var(--global-kb-spacing-sm, 1.5rem);padding-bottom:var(--global-kb-spacing-sm, 1.5rem);grid-template-columns:minmax(0, 2fr) minmax(0, 1fr);}.kb-row-layout-id226_3c0262-82 > .kt-row-layout-overlay{opacity:0.30;}@media all and (max-width: 1024px){.kb-row-layout-id226_3c0262-82 > .kt-row-column-wrap{grid-template-columns:minmax(0, 2fr) minmax(0, 1fr);}}@media all and (max-width: 767px){.kb-row-layout-id226_3c0262-82 > .kt-row-column-wrap{grid-template-columns:minmax(0, 1fr);}}<\/style><div class=\"kb-row-layout-wrap kb-row-layout-id226_3c0262-82 alignnone wp-block-kadence-rowlayout\"><div class=\"kt-row-column-wrap kt-has-2-columns kt-row-layout-left-golden kt-tab-layout-inherit kt-mobile-layout-row kt-row-valign-top\">\n<style>.kadence-column226_44fc28-2e > .kt-inside-inner-col,.kadence-column226_44fc28-2e > .kt-inside-inner-col:before{border-top-left-radius:0px;border-top-right-radius:0px;border-bottom-right-radius:0px;border-bottom-left-radius:0px;}.kadence-column226_44fc28-2e > .kt-inside-inner-col{column-gap:var(--global-kb-gap-sm, 1rem);}.kadence-column226_44fc28-2e > .kt-inside-inner-col{flex-direction:column;}.kadence-column226_44fc28-2e > .kt-inside-inner-col > .aligncenter{width:100%;}.kadence-column226_44fc28-2e > .kt-inside-inner-col:before{opacity:0.3;}.kadence-column226_44fc28-2e{position:relative;}@media all and (max-width: 1024px){.kadence-column226_44fc28-2e > .kt-inside-inner-col{flex-direction:column;justify-content:center;}}@media all and (max-width: 767px){.kadence-column226_44fc28-2e > .kt-inside-inner-col{flex-direction:column;justify-content:center;}}<\/style>\n<div class=\"wp-block-kadence-column kadence-column226_44fc28-2e\"><div class=\"kt-inside-inner-col\"><style>.wp-block-kadence-advancedheading.kt-adv-heading226_3d67b6-b6, .wp-block-kadence-advancedheading.kt-adv-heading226_3d67b6-b6[data-kb-block=\"kb-adv-heading226_3d67b6-b6\"]{font-style:normal;}.wp-block-kadence-advancedheading.kt-adv-heading226_3d67b6-b6 mark.kt-highlight, .wp-block-kadence-advancedheading.kt-adv-heading226_3d67b6-b6[data-kb-block=\"kb-adv-heading226_3d67b6-b6\"] mark.kt-highlight{font-style:normal;color:#f76a0c;-webkit-box-decoration-break:clone;box-decoration-break:clone;padding-top:0px;padding-right:0px;padding-bottom:0px;padding-left:0px;}.wp-block-kadence-advancedheading.kt-adv-heading226_3d67b6-b6 img.kb-inline-image, .wp-block-kadence-advancedheading.kt-adv-heading226_3d67b6-b6[data-kb-block=\"kb-adv-heading226_3d67b6-b6\"] img.kb-inline-image{width:150px;vertical-align:baseline;}<\/style>\n<p class=\"kt-adv-heading226_3d67b6-b6 wp-block-kadence-advancedheading\" data-kb-block=\"kb-adv-heading226_3d67b6-b6\">Tout a commenc\u00e9 il y a de nombreuses ann\u00e9es par des excursions dans la nature des environs, ici dans la belle r\u00e9gion de Rh\u00e9nanie. Grimper, randonner, d\u00e9connecter \u2013 les sorties \u00e0 la journ\u00e9e sont devenues des escapades le week-end, puis, \u00e0 un moment, des semaines enti\u00e8res dehors, en pleine nature. <br\/><br\/>C&rsquo;est devenu pour moi la chose la plus importante de ma vie. Entre-temps, j\u2019ai voyag\u00e9 dans de nombreux pays \u00e0 travers le monde et j\u2019ai \u00e9t\u00e9 accueilli chaleureusement partout. Je ne voudrais pas me passer du contact avec toutes les personnes formidables que j\u2019ai rencontr\u00e9es au fil de mes voyages. <\/p>\n\n\n\n<p>Une destination m\u2019a particuli\u00e8rement s\u00e9duit : les \u00eeles du Cap-Vert. La devise de vie des Capverdiens, \u00ab\u00a0No Stress\u00a0\u00bb, est si d\u00e9licieusement relaxante. Si \u00e7a t\u2019int\u00e9resse aussi, jette donc un \u0153il \u00e0 <a href=\"https:\/\/traumurlaub-kapverden.de\/\" target=\"_blank\" rel=\"noreferrer noopener\">Traumurlaub-Kapverden.de<\/a>.<\/p>\n\n\n\n<p>Depuis 2024, je g\u00e8re cet annuaire. J\u2019ai personnellement visit\u00e9 et document\u00e9 plus de 80 lieux. De nombreuses fiches sont issues de mes propres excursions, compl\u00e9t\u00e9es par des donn\u00e9es recherch\u00e9es directement aupr\u00e8s des prestataires.  <\/p>\n\n\n\n<p>Toutes les fiches de l\u2019annuaire sont v\u00e9rifi\u00e9es par la r\u00e9daction. Certains prestataires peuvent enrichir leur fiche moyennant paiement (fiche Premium) \u2014 nous l\u2019indiquons en toute transparence avec un symbole Premium. Premium ou non : notre \u00e9valuation \u00e9ditoriale reste ind\u00e9pendante.  <\/p>\n<\/div><\/div>\n\n\n<style>.kadence-column226_d9b5f4-e5 > .kt-inside-inner-col,.kadence-column226_d9b5f4-e5 > .kt-inside-inner-col:before{border-top-left-radius:0px;border-top-right-radius:0px;border-bottom-right-radius:0px;border-bottom-left-radius:0px;}.kadence-column226_d9b5f4-e5 > .kt-inside-inner-col{column-gap:var(--global-kb-gap-sm, 1rem);}.kadence-column226_d9b5f4-e5 > .kt-inside-inner-col{flex-direction:column;}.kadence-column226_d9b5f4-e5 > .kt-inside-inner-col > .aligncenter{width:100%;}.kadence-column226_d9b5f4-e5 > .kt-inside-inner-col:before{opacity:0.3;}.kadence-column226_d9b5f4-e5{position:relative;}@media all and (max-width: 1024px){.kadence-column226_d9b5f4-e5 > .kt-inside-inner-col{flex-direction:column;justify-content:center;}}@media all and (max-width: 767px){.kadence-column226_d9b5f4-e5 > .kt-inside-inner-col{flex-direction:column;justify-content:center;}}<\/style>\n<div class=\"wp-block-kadence-column kadence-column226_d9b5f4-e5\"><div class=\"kt-inside-inner-col\"><style>.kb-image226_0733c3-1f .kb-image-has-overlay:after{opacity:0.3;}<\/style>\n<figure class=\"wp-block-kadence-image kb-image226_0733c3-1f size-full\"><img loading=\"lazy\" decoding=\"async\" width=\"384\" height=\"512\" src=\"https:\/\/walderlebnispfade.de\/wp-content\/uploads\/2024\/07\/Moni_Wandern-1.jpg\" alt=\"Monika Rings  Walderlebnispfade\" class=\"kb-img wp-image-4803\" srcset=\"https:\/\/walderlebnispfade.de\/wp-content\/uploads\/2024\/07\/Moni_Wandern-1.jpg 384w, https:\/\/walderlebnispfade.de\/wp-content\/uploads\/2024\/07\/Moni_Wandern-1-225x300.jpg 225w\" sizes=\"auto, (max-width: 384px) 100vw, 384px\" \/><\/figure>\n<\/div><\/div>\n\n<\/div><\/div>\n<p>Remarque : tous les liens marqu\u00e9s d\u2019un * sont des liens d\u2019affiliation. Cela signifie que si tu ach\u00e8tes via ces liens, je re\u00e7ois une petite commission.  Pour vous, le prix des produits ne change pas. Cela me permet de couvrir au moins une petite partie des frais. Merci beaucoup pour votre soutien !<\/p>\n\n<p>Amiti\u00e9s et bons moments en plein air,<\/p>\n\n<p>Votre Moni<\/p>\n","protected":false},"excerpt":{"rendered":"<p>Je suis heureux que vous ayez trouv\u00e9 le chemin vers moi. Je suis un passionn\u00e9 d&rsquo;activit\u00e9s de plein air depuis de nombreuses ann\u00e9es et je souhaite partager ici mes exp\u00e9riences sur les superbes aventures que j&rsquo;ai v\u00e9cues en Allemagne et en Europe ces derni\u00e8res ann\u00e9es. Que ce soit pour grimper, randonner ou simplement profiter de&#8230;<\/p>\n","protected":false},"author":2,"featured_media":4801,"parent":0,"menu_order":0,"comment_status":"closed","ping_status":"closed","template":"","meta":{"_kad_blocks_custom_css":"","_kad_blocks_head_custom_js":"","_kad_blocks_body_custom_js":"","_kad_blocks_footer_custom_js":"","_kad_post_transparent":"","_kad_post_title":"","_kad_post_layout":"","_kad_post_sidebar_id":"","_kad_post_content_style":"","_kad_post_vertical_padding":"","_kad_post_feature":"","_kad_post_feature_position":"","_kad_post_header":false,"_kad_post_footer":false,"_kad_post_classname":"","yasr_overall_rating":0,"yasr_post_is_review":"","yasr_auto_insert_disabled":"","yasr_review_type":"","footnotes":""},"class_list":["post-1124","page","type-page","status-publish","has-post-thumbnail","hentry"],"yasr_visitor_votes":{"stars_attributes":{"read_only":false,"span_bottom":false},"number_of_votes":0,"sum_votes":0},"taxonomy_info":[],"featured_image_src_large":["https:\/\/walderlebnispfade.de\/wp-content\/uploads\/2024\/07\/Moni_Krokodil_2.jpg",1024,768,false],"author_info":{"display_name":"Moni","author_link":"https:\/\/walderlebnispfade.de\/fr\/author\/moni\/"},"comment_info":0,"_links":{"self":[{"href":"https:\/\/walderlebnispfade.de\/fr\/wp-json\/wp\/v2\/pages\/1124","targetHints":{"allow":["GET"]}}],"collection":[{"href":"https:\/\/walderlebnispfade.de\/fr\/wp-json\/wp\/v2\/pages"}],"about":[{"href":"https:\/\/walderlebnispfade.de\/fr\/wp-json\/wp\/v2\/types\/page"}],"author":[{"embeddable":true,"href":"https:\/\/walderlebnispfade.de\/fr\/wp-json\/wp\/v2\/users\/2"}],"replies":[{"embeddable":true,"href":"https:\/\/walderlebnispfade.de\/fr\/wp-json\/wp\/v2\/comments?post=1124"}],"version-history":[{"count":7,"href":"https:\/\/walderlebnispfade.de\/fr\/wp-json\/wp\/v2\/pages\/1124\/revisions"}],"predecessor-version":[{"id":7854,"href":"https:\/\/walderlebnispfade.de\/fr\/wp-json\/wp\/v2\/pages\/1124\/revisions\/7854"}],"wp:featuredmedia":[{"embeddable":true,"href":"https:\/\/walderlebnispfade.de\/fr\/wp-json\/wp\/v2\/media\/4801"}],"wp:attachment":[{"href":"https:\/\/walderlebnispfade.de\/fr\/wp-json\/wp\/v2\/media?parent=1124"}],"curies":[{"name":"wp","href":"https:\/\/api.w.org\/{rel}","templated":true}]}}

À propos de moi

<p><strong>Je suis heureux que vous ayez trouvé le chemin vers moi. Je suis un passionné d&rsquo;activités de plein air depuis de nombreuses années et je souhaite partager ici mes expériences sur les superbes aventures que j&rsquo;ai vécues en Allemagne et en Europe ces dernières années. Que ce soit pour grimper, randonner ou simplement profiter de la nature, il y a tellement de super façons de passer du temps en plein air. Vous trouverez certainement votre bonheur dans notre collection d&rsquo;<a href="https://walderlebnispfade.de/fr/experiences-en-foret/" data-type="page" data-id="228">expériences en forêt </a>.</strong></p>
<style>.kb-row-layout-id226_3c0262-82 > .kt-row-column-wrap{align-content:start;}:where(.kb-row-layout-id226_3c0262-82 > .kt-row-column-wrap) > .wp-block-kadence-column{justify-content:start;}.kb-row-layout-id226_3c0262-82 > .kt-row-column-wrap{column-gap:var(--global-kb-gap-md, 2rem);row-gap:var(--global-kb-gap-md, 2rem);padding-top:var(--global-kb-spacing-sm, 1.5rem);padding-bottom:var(--global-kb-spacing-sm, 1.5rem);grid-template-columns:minmax(0, 2fr) minmax(0, 1fr);}.kb-row-layout-id226_3c0262-82 > .kt-row-layout-overlay{opacity:0.30;}@media all and (max-width: 1024px){.kb-row-layout-id226_3c0262-82 > .kt-row-column-wrap{grid-template-columns:minmax(0, 2fr) minmax(0, 1fr);}}@media all and (max-width: 767px){.kb-row-layout-id226_3c0262-82 > .kt-row-column-wrap{grid-template-columns:minmax(0, 1fr);}}</style><div class="kb-row-layout-wrap kb-row-layout-id226_3c0262-82 alignnone wp-block-kadence-rowlayout"><div class="kt-row-column-wrap kt-has-2-columns kt-row-layout-left-golden kt-tab-layout-inherit kt-mobile-layout-row kt-row-valign-top">
<style>.kadence-column226_44fc28-2e > .kt-inside-inner-col,.kadence-column226_44fc28-2e > .kt-inside-inner-col:before{border-top-left-radius:0px;border-top-right-radius:0px;border-bottom-right-radius:0px;border-bottom-left-radius:0px;}.kadence-column226_44fc28-2e > .kt-inside-inner-col{column-gap:var(--global-kb-gap-sm, 1rem);}.kadence-column226_44fc28-2e > .kt-inside-inner-col{flex-direction:column;}.kadence-column226_44fc28-2e > .kt-inside-inner-col > .aligncenter{width:100%;}.kadence-column226_44fc28-2e > .kt-inside-inner-col:before{opacity:0.3;}.kadence-column226_44fc28-2e{position:relative;}@media all and (max-width: 1024px){.kadence-column226_44fc28-2e > .kt-inside-inner-col{flex-direction:column;justify-content:center;}}@media all and (max-width: 767px){.kadence-column226_44fc28-2e > .kt-inside-inner-col{flex-direction:column;justify-content:center;}}</style>
<div class="wp-block-kadence-column kadence-column226_44fc28-2e"><div class="kt-inside-inner-col"><style>.wp-block-kadence-advancedheading.kt-adv-heading226_3d67b6-b6, .wp-block-kadence-advancedheading.kt-adv-heading226_3d67b6-b6[data-kb-block="kb-adv-heading226_3d67b6-b6"]{font-style:normal;}.wp-block-kadence-advancedheading.kt-adv-heading226_3d67b6-b6 mark.kt-highlight, .wp-block-kadence-advancedheading.kt-adv-heading226_3d67b6-b6[data-kb-block="kb-adv-heading226_3d67b6-b6"] mark.kt-highlight{font-style:normal;color:#f76a0c;-webkit-box-decoration-break:clone;box-decoration-break:clone;padding-top:0px;padding-right:0px;padding-bottom:0px;padding-left:0px;}.wp-block-kadence-advancedheading.kt-adv-heading226_3d67b6-b6 img.kb-inline-image, .wp-block-kadence-advancedheading.kt-adv-heading226_3d67b6-b6[data-kb-block="kb-adv-heading226_3d67b6-b6"] img.kb-inline-image{width:150px;vertical-align:baseline;}</style>
<p class="kt-adv-heading226_3d67b6-b6 wp-block-kadence-advancedheading" data-kb-block="kb-adv-heading226_3d67b6-b6">Tout a commencé il y a de nombreuses années par des excursions dans la nature des environs, ici dans la belle région de Rhénanie. Grimper, randonner, déconnecter – les sorties à la journée sont devenues des escapades le week-end, puis, à un moment, des semaines entières dehors, en pleine nature. <br/><br/>C&rsquo;est devenu pour moi la chose la plus importante de ma vie. Entre-temps, j’ai voyagé dans de nombreux pays à travers le monde et j’ai été accueilli chaleureusement partout. Je ne voudrais pas me passer du contact avec toutes les personnes formidables que j’ai rencontrées au fil de mes voyages. </p>



<p>Une destination m’a particulièrement séduit : les îles du Cap-Vert. La devise de vie des Capverdiens, « No Stress », est si délicieusement relaxante. Si ça t’intéresse aussi, jette donc un œil à <a href="https://traumurlaub-kapverden.de/" target="_blank" rel="noreferrer noopener">Traumurlaub-Kapverden.de</a>.</p>



<p>Depuis 2024, je gère cet annuaire. J’ai personnellement visité et documenté plus de 80 lieux. De nombreuses fiches sont issues de mes propres excursions, complétées par des données recherchées directement auprès des prestataires.  </p>



<p>Toutes les fiches de l’annuaire sont vérifiées par la rédaction. Certains prestataires peuvent enrichir leur fiche moyennant paiement (fiche Premium) — nous l’indiquons en toute transparence avec un symbole Premium. Premium ou non : notre évaluation éditoriale reste indépendante.  </p>
</div></div>


<style>.kadence-column226_d9b5f4-e5 > .kt-inside-inner-col,.kadence-column226_d9b5f4-e5 > .kt-inside-inner-col:before{border-top-left-radius:0px;border-top-right-radius:0px;border-bottom-right-radius:0px;border-bottom-left-radius:0px;}.kadence-column226_d9b5f4-e5 > .kt-inside-inner-col{column-gap:var(--global-kb-gap-sm, 1rem);}.kadence-column226_d9b5f4-e5 > .kt-inside-inner-col{flex-direction:column;}.kadence-column226_d9b5f4-e5 > .kt-inside-inner-col > .aligncenter{width:100%;}.kadence-column226_d9b5f4-e5 > .kt-inside-inner-col:before{opacity:0.3;}.kadence-column226_d9b5f4-e5{position:relative;}@media all and (max-width: 1024px){.kadence-column226_d9b5f4-e5 > .kt-inside-inner-col{flex-direction:column;justify-content:center;}}@media all and (max-width: 767px){.kadence-column226_d9b5f4-e5 > .kt-inside-inner-col{flex-direction:column;justify-content:center;}}</style>
<div class="wp-block-kadence-column kadence-column226_d9b5f4-e5"><div class="kt-inside-inner-col"><style>.kb-image226_0733c3-1f .kb-image-has-overlay:after{opacity:0.3;}</style>
<figure class="wp-block-kadence-image kb-image226_0733c3-1f size-full"><img loading="lazy" decoding="async" width="384" height="512" src="https://walderlebnispfade.de/wp-content/uploads/2024/07/Moni_Wandern-1.jpg" alt="Monika Rings  Walderlebnispfade" class="kb-img wp-image-4803" srcset="https://walderlebnispfade.de/wp-content/uploads/2024/07/Moni_Wandern-1.jpg 384w, https://walderlebnispfade.de/wp-content/uploads/2024/07/Moni_Wandern-1-225x300.jpg 225w" sizes="auto, (max-width: 384px) 100vw, 384px" /></figure>
</div></div>

</div></div>
<p>Remarque : tous les liens marqués d’un * sont des liens d’affiliation. Cela signifie que si tu achètes via ces liens, je reçois une petite commission.  Pour vous, le prix des produits ne change pas. Cela me permet de couvrir au moins une petite partie des frais. Merci beaucoup pour votre soutien !</p>

<p>Amitiés et bons moments en plein air,</p>

<p>Votre Moni</p>

<p>Je suis heureux que vous ayez trouvé le chemin vers moi. Je suis un passionné d&rsquo;activités de plein air depuis de nombreuses années et je souhaite partager ici mes expériences sur les superbes aventures que j&rsquo;ai vécues en Allemagne et en Europe ces dernières années. Que ce soit pour grimper, randonner ou simplement profiter de&#8230;</p>
